he thousands digit of x?
7
Let g(r) = 1467*r - 9370. What is the units digit of g(43)?
1
Let i(a) = -9*a**3 - 7*a**2 - a - 7. Let l be i(-3). Let n = l - -137. What is the hundreds digit of n?
3
What is the units digit of ((-4134)/9)/((-79)/948)?
2
Suppose -6*j = -3*j + c + 182, 3*c + 6 = 0. Let s = 101 + j. Suppose 145 = 8*u + s. What is the tens digit of u?
1
Suppose q - 99 = -5*s - 0*q, q + 61 = 3*s. Suppose 0 = -u + s*u - 665. Suppose -u*x + 30*x = -1250. What is the units digit of x?
0
Let z(s) = -6*s - 22. Let q be z(-7). Suppose -q = d - 4*b, 4*d - 2*b - 3*b + 25 = 0. What is the units digit of 30 - d/((-3)/3)?
0
Suppose 0 = -5*l + 5*m - 145, 3*l - 3*m = -8*m - 63. Let x = -28 - l. Let i(u) = 7*u**2 - 2*u. What is the units digit of i(x)?
2
Suppose 0 = 3*o + 3*q - 46539, -820*q = -o - 819*q + 15523. What is the thousands digit of o?
5
Let k = 28496 - 19545. What is the hundreds digit of k?
9
Suppose 238359 = 203*v - 170*v. What is the hundreds digit of v?
2
Let o(s) = -s**3 - 10*s**2 - 9*s + 3. Let t be o(-9). Let h(q) = -q**3 + 5*q**2 - 2*q. Let b be h(t). What is the units digit of 2 + 40/b*12?
2
Suppose 8*x - 15 = -3*j + 11*x, -22 = -5*j + 2*x. Suppose j*b + 300 = -2*m + 2320, 0 = 4*m - 2*b - 4080. What is the units digit of m?
8
Let g = 43 - 40. Suppose j = -4*w - 10, 9 - g = -2*w. Suppose -2*n = 4*v - 76, 0 = n - 4*n - j*v + 110. What is the units digit of n?
6
Suppose -4*p + 2*d + 132 = -0*d, 3*p - 3*d = 102. Suppose -3*t + 5*h + 285 = -p, -4*h = -8. What is the hundreds digit of t?
1
Let j(v) = -v + 24. Suppose 5 = 5*u, -8*u = 4*p - 4*u - 100. Let f be j(p). Suppose -4*x - y + 135 = f, -5*y + 21 + 27 = x. What is the units digit of x?
3
Let a(p) = 7*p - 14. Let q(r) = -r**2 + 12*r + 1. Let b be q(8). What is the hundreds digit of a(b)?
2
Let i(z) = -2*z**3 + 114*z**2 + 53*z + 148. What is the thousands digit of i(56)?
9
What is the thousands digit of (22*-2779)/(123 + -125)?
0
Suppose 39*k + 220 = 35*k. What is the hundreds digit of ((-4)/(-3))/(k/(-20790))?
5
Suppose -3*y + 3 = 0, -208*s + 78040 = -203*s + 5*y. What is the hundreds digit of s?
6
Suppose -k + 4*k - 3*w - 252 = 0, -252 = -3*k - 2*w. Let m = -130 + k. Let x = m - -299. What is the hundreds digit of x?
2
Suppose 0 = 4*g - 5*v - 41, 2*g + 3*v + 18 = 11. Suppose p - 1983 = -2*p - 2*k, 2644 = 4*p - g*k. What is the units digit of p?
1
Suppose -90 = 10*k, 4*i - 170040 = -32*k + 28*k. What is the thousands digit of i?
2
Let p = 1296 + -669. Let a = 3393 - p. What is the units digit of a/33 - (-8)/44?
4
Suppose 18961 = -8*q + 2201. What is the hundreds digit of (q + 0)*1/(-5)?
4
Let k(n) = n**3 - 12*n**2 - 18*n - 26. Suppose 0 = -0*h - 26*h + 390. What is the hundreds digit of k(h)?
3
Suppose 1 = 4*p - 2*n + 5, 0 = -3*p - 4*n + 19. Suppose -14 = -3*t + p. Suppose 5*q - 2*h = 641, -t*h = 4*q - q - 366. What is the units digit of q?
7
Suppose 1541*w - 1537*w - 226959 = -5*l, 0 = -l - w + 45393. What is the units digit of l?
7
Suppose -8*s + 9*s = k + 1368, 2*s = 5*k + 2742. What is the thousands digit of s?
1
Let b = 35 + -26. Suppose -14 = -h - b. Suppose -h*a + 38 = -17. What is the units digit of a?
1
Suppose 20725 - 109033 = -63*z + 88533. What is the tens digit of z?
0
Let j(f) be the second derivative of -4*f**3/3 + 3*f**2 + f. Let k(v) = -v**2 - 7*v + 225. Let d be k(-19). What is the tens digit of j(d)?
3
Let n(c) = 4851*c - 2296. What is the ten thousands digit of n(4)?
1
What is the thousands digit of 1/(-1) + -5 - (-11 + 17)*-962?
5
Let r(f) = 12*f**3 + 3*f**2 + 11*f - 57. Let d be r(4). Suppose 4*n - 3875 = -d. What is the hundreds digit of n?
7
What is the thousands digit of (2 - 60/50)*(-27870)/(-4)?
5
Suppose -47*m + 6034560 = 50*m + 23*m. What is the thousands digit of m?
0
Let s(o) = -202*o - 144. Let v be 1/(-2)*(4 - (9 - 9)). What is the tens digit of s(v)?
6
Let o = -68 + 67. Let y(q) = -506*q - 3. What is the tens digit of y(o)?
0
Let x = 15974 - 9682. What is the hundreds digit of x?
2
Let a(j) = 11*j**2 - j + 7. Let z be a(5). Let u = 478 - z. Suppose u = -31*m + 34*m. What is the tens digit of m?
6
Let g(c) = 5*c**2 - 112*c - 3228. What is the tens digit of g(130)?
1
Suppose -8*r = -3*r + 2*h - 50, -5*r + 2*h + 50 = 0. Let a = 46 + r. What is the hundreds digit of (-4 - a/(-12))*150?
1
Let n(h) = -442*h - 2624. What is the ten thousands digit of n(-76)?
3
Let c = 61 - 59. Suppose 0 = c*k, 10 + 86 = -3*u + 4*k. Let d = u - -49. What is the tens digit of d?
1
Let d(c) = 5*c**3 + c**2 + 12*c + 19. Let t(j) = -j**3 - j**2 - j. Let u(h) = -d(h) - 6*t(h). What is the tens digit of u(5)?
0
Let c = 16 - 13. Let w be 2/6*c + 63. Suppose 5*x = 2*i + 80, 0*i + w = 4*x + 2*i. What is the units digit of x?
6
Let z(k) = 3*k - 27. Let h be z(10). Suppose 20 = -h*t - t. What is the tens digit of 3 + (57 - 20/t)?
6
Let n(c) = c**2 - 12*c - 21. Let i(l) = 11 + 0 - 7 - 2*l**2 - l. Let z be i(2). What is the tens digit of n(z)?
8
What is the tens digit of 4/(-30) - 9385982/(-1590)?
0
Let z be (-4)/(-6) - 26/(-6). Suppose c - 1425 = -z*a, 3*c = -2*a - c + 552. What is the tens digit of a?
8
Let p(r) = 4*r**2 - 76. Let z(a) = -5*a**2 + 75. Let b(k) = 4*p(k) + 3*z(k). Let u be b(0). Let n = -60 - u. What is the tens digit of n?
1
Let m = 246 + -242. Suppose -2*s + 934 = -2*b, 3*b + b = -m*s + 1900. What is the hundreds digit of s?
4
Suppose 11*o - 527 = 221. Suppose -f - 2*j = f - o, -f + 25 = 4*j. What is the tens digit of f?
3
Let d(c) be the second derivative of 13*c**3/6 + 5*c**2/2 + c. Suppose 3*k - 4*s + 2 + 5 = 0, -2*k = 5*s - 26. What is the tens digit of d(k)?
4
Let r be ((-15)/30)/((-2)/228). Suppose -62*v + r*v + 5375 = 5*n, -4*v = -5*n - 4255. What is the thousands digit of v?
1
Let o = 142 - 32. Let x = -21 - -222. Let f = x - o. What is the tens digit of f?
9
Suppose -830*j + 848*j - 105516 = 0. What is the thousands digit of j?
5
What is the units digit of (34479/54)/((-2)/(-828)*9)?
1
What is the thousands digit of (1 - (4 + -13)) + -2 + 7195?
7
Suppose -21*c + 31*c - 796275 = -35*c. What is the units digit of c?
5
Let q be -25 + (-24)/(-4) + 0. What is the units digit of (-64)/608 + (-6196)/q?
6
Suppose -244*j + 248*j + 56 = 0. Let n be 6/(72/42)*(-24)/j. Let t(r) = 26*r - 29. What is the units digit of t(n)?
7
Let k = 985 - 1050. Let v = k + 1808. What is the tens digit of v?
4
Suppose 9*u - 232430 = -u - 4*g, 0 = -5*u + 4*g + 116215. What is the units digit of u?
3
Let j = 415 - 353. What is the tens digit of (j/3)/(18/27)?
3
Suppose 12*d - 19929 = 56307. What is the hundreds digit of d?
3
Let z(v) = 113*v**2 + 414*v + 5626. What is the tens digit of z(-13)?
4
Let f = 187 - 185. What is the tens digit of 85 + f + (-1 - -4)?
9
Let z be 1/((-8)/(-306))*(-11 - -27). Suppose -2*a + z = -428. What is the units digit of a?
0
Let b(l) = l**3 + 48*l**2 + 45*l - 58. What is the units digit of b(-42)?
6
Let t = -13858 - -28613. What is the units digit of t?
5
Let t be (-1)/(3/48) - 3. Let u = 10 + t. Let c = 73 + u. What is the units digit of c?
4
Suppose 0 = 41*w - 471403 - 133757. Suppose 13*d = -3424 + w. What is the hundreds digit of d?
8
Let r(d) = 4*d - 3. Let w be r(2). Let k(c) = 20*c + w*c + 4*c - 11. What is the hundreds digit of k(6)?
1
Suppose 15*k - 6263 = 57922. What is the hundreds digit of k?
2
Let d(k) = k**3 - 25*k**2 + 17*k - 16. Let b(a) = a**3 + 7*a**2 - a - 17. Let z be b(-6). What is the hundreds digit of d(z)?
4
Let t = 107 - 97. Let n be -3 + (-2)/(-4)*t. Suppose -2*m + 44 = -m + 3*v, -n*v = -3*m + 99. What is the tens digit of m?
3
Let a be 1872/(-32) - (-14)/4. Let y = a - -310. What is the tens digit of y?
5
Let f = 817 - -10440. What is the units digit of f?
7
Let d(r) = -3284*r + 4788. What is the thousands digit of d(-18)?
3
Suppose -4*o + 7*o = 9. Suppose 4*s + o*d = 958, d = -3*d + 8. What is the units digit of s?
8
Let m(o) = o**2 - o + 1. Let y(d) = -8*d**2 - 6*d. Let a(s) = 6*m(s) - y(s). Let j be a(4). Suppose -j - 130 = -6*h. What is the units digit of h?
0
Suppose 302*j - 342*j + 2071640 = 0. What is the tens digit of j?
9
Suppose 300 = -3*v + 4*i, 2*v = 2*i - 295 + 97. Let c = -92 - v. What is the units digit of (100 - -1 - c) + 1?
8
Let n(y) = -y**3 - 38*y**2 + 36*y - 119. Let w be n(-39). What is the units digit of 3/